
Calculate the highest common divisor of 39466354 and 6314.
82
Calculate the highest common factor of 3223 and 134009117.
3223
Calculate the highest common factor of 2268 and 18648702.
18
What is the greatest common factor of 63259680 and 17760?
480
Calculate the highest common factor of 137386 and 1835891.
941
What is the highest common factor of 3438960 and 285768?
168
Calculate the highest common divisor of 43503240 and 6600.
1320
What is the highest common divisor of 481046 and 37766054?
7886
What is the greatest common factor of 1112682 and 27?
3
Calculate the highest common divisor of 1121 and 41209043.
19
What is the greatest common factor of 10224079 and 31?
31
Calculate the highest common factor of 210 and 889970.
10
Calculate the greatest common factor of 3652 and 182196454.
1826
What is the highest common factor of 5989437 and 513?
27
Calculate the highest common divisor of 1915790 and 40.
10
Calculate the highest common factor of 438 and 20805438.
438
Calculate the highest common divisor of 1782 and 41558.
22
What is the highest common divisor of 531743945 and 10?
5
Calculate the greatest common factor of 7782850 and 250.
50
Calculate the greatest common factor of 5892 and 39588.
12
What is the highest common factor of 2529 and 21075?
843
What is the highest common divisor of 9626660 and 2516?
148
Calculate the greatest common factor of 16341540 and 1740.
60
What is the greatest common divisor of 117805224 and 8?
8
What is the highest common divisor of 167 and 12251?
1
What is the greatest common divisor of 918 and 11311698?
102
Calculate the highest common divisor of 14807 and 5185063.
871
Calculate the highest common divisor of 1184 and 2106368.
32
What is the greatest common divisor of 7952 and 6738326?
994
What is the greatest common factor of 34527834 and 121?
121
What is the greatest common divisor of 1518160 and 5320?
280
What is the highest common divisor of 2832760125 and 4875?
4875
What is the greatest common divisor of 4335 and 7970715?
15
What is the greatest common divisor of 48 and 12955896?
24
What is the greatest common divisor of 4010888 and 46900?
1876
What is the greatest common factor of 12132 and 27036?
36
What is the greatest common divisor of 5092 and 21969928?
76
Calculate the highest common factor of 639 and 58143888.
639
What is the highest common factor of 78824 and 4248?
472
Calculate the greatest common factor of 553787 and 52603.
41
Calculate the highest common divisor of 1475223 and 76431.
1047
Calculate the highest common factor of 67004 and 139564546.
4786
What is the greatest common factor of 392365 and 15132?
97
What is the greatest common factor of 70349963 and 19399?
1021
Calculate the greatest common factor of 314288 and 11089.
13
What is the highest common divisor of 13215878 and 23478?
1118
What is the greatest common factor of 668905155 and 290?
145
Calculate the highest common divisor of 220 and 44316635.
55
What is the greatest common divisor of 381766801 and 13?
13
Calculate the greatest common divisor of 1152 and 17302368.
96
Calculate the greatest common divisor of 38143 and 572875166.
5449
Calculate the highest common divisor of 24363714 and 2838.
258
What is the highest common factor of 279 and 51716339?
31
Calculate the greatest common factor of 32 and 5515680.
32
Calculate the highest common factor of 1706925 and 143.
11
Calculate the highest common factor of 8240854 and 18538.
1426
What is the greatest common factor of 5513 and 3448307?
149
Calculate the greatest common factor of 2635 and 70017685.
155
Calculate the highest common divisor of 786639 and 8225.
329
What is the greatest common factor of 3312 and 52625104?
368
What is the greatest common factor of 595007 and 1547?
7
Calculate the greatest common factor of 19 and 164767.
1
Calculate the greatest common factor of 123326271 and 1143.
1143
Calculate the highest common factor of 27864460 and 260.
260
What is the greatest common divisor of 325556 and 1665228?
604
What is the greatest common divisor of 34172836 and 964?
964
What is the greatest common divisor of 3898 and 41129747?
1949
What is the greatest common factor of 14676970 and 1470?
490
Calculate the highest common factor of 5159 and 104881.
7
What is the greatest common divisor of 9232 and 35105257?
577
Calculate the greatest common divisor of 474 and 1249309239.
237
Calculate the highest common factor of 20868 and 631812.
444
What is the greatest common factor of 46907442 and 90?
18
What is the greatest common factor of 777 and 1416074471?
259
What is the highest common divisor of 359029 and 22987?
127
What is the greatest common factor of 132 and 24415919?
11
What is the greatest common divisor of 58356 and 19349877?
4863
Calculate the greatest common factor of 6370171 and 5345.
1069
Calculate the greatest common factor of 7195154 and 2630.
526
What is the highest common divisor of 10542284 and 4?
4
What is the greatest common factor of 477616808 and 584?
584
What is the highest common divisor of 378401806 and 387?
43
What is the highest common factor of 193780665 and 585?
585
Calculate the greatest common factor of 14 and 699109908.
14
Calculate the highest common divisor of 579939277 and 127.
127
What is the greatest common factor of 723 and 195371229?
723
What is the highest common divisor of 80 and 91107790?
10
Calculate the highest common factor of 3390600 and 50.
50
Calculate the greatest common divisor of 22771943 and 6799.
523
What is the highest common divisor of 131787723 and 68?
17
What is the greatest common factor of 6439590 and 130?
10
What is the greatest common divisor of 178 and 722567682?
178
What is the greatest common factor of 736538944 and 256?
64
Calculate the highest common divisor of 381186 and 1521486.
3258
What is the highest common factor of 13249396 and 1517?
41
Calculate the greatest common divisor of 45592 and 15949.
41
Calculate the greatest common divisor of 167 and 11105333.
167
Calculate the highest common factor of 18 and 34641286.
2
What is the greatest common divisor of 5185029 and 32925?
1317
Calculate the highest common factor of 2528 and 87404336.
1264
What is the greatest common divisor of 26894976 and 2688?
384
What is the greatest common divisor of 330 and 49658334?
66
What is the greatest common divisor of 2147992 and 352?
88
What is the highest common divisor of 573609 and 87259?
71
What is the greatest common factor of 2433 and 178023?
3
Calculate the highest common divisor of 6155676 and 864.
108
What is the highest common factor of 987 and 439493992?
329
What is the highest common factor of 10 and 254042145?
5
Calculate the highest common factor of 137096 and 1440.
8
What is the highest common divisor of 961368 and 23136?
24
Calculate the greatest common divisor of 23843652 and 761.
761
Calculate the greatest common factor of 757212840 and 24.
24
What is the highest common divisor of 627 and 2296910?
209
What is the highest common divisor of 72290267 and 155918?
11137
Calculate the highest common divisor of 1293 and 316266.
3
What is the highest common divisor of 201018448 and 1208?
1208
What is the highest common factor of 12083 and 3079582127?
12083
What is the highest common divisor of 27482553 and 189?
63
What is the greatest common divisor of 11786753 and 595397?
5269
Calculate the greatest common divisor of 658911 and 17985.
33
Calculate the highest common factor of 7012800 and 235.
5
Calculate the highest common factor of 3231 and 33477.
3
What is the highest common divisor of 1175867 and 13013?
77
Calculate the highest common divisor of 78 and 48055410.
78
What is the highest common factor of 11816 and 1323489482?
2954
Calculate the highest common divisor of 2461213 and 4319.
617
Calculate the greatest common factor of 576 and 2254788.
36
What is the highest common divisor of 111538520 and 1880?
1880
What is the greatest common factor of 2018 and 5289178?
2018
What is the greatest common divisor of 1625 and 3085225?
325
Calculate the highest common divisor of 126727 and 1011662.
359
Calculate the greatest common factor of 22 and 1979768472.
22
Calculate the highest common divisor of 16923594 and 11548.
5774
What is the greatest common divisor of 468 and 1828242?
234
What is the highest common factor of 6